{"id":55338,"date":"2026-03-19T13:04:18","date_gmt":"2026-03-19T13:04:18","guid":{"rendered":"https:\/\/www.magicbazaar.co.za\/?post_type=product&#038;p=55338"},"modified":"2026-03-19T13:04:18","modified_gmt":"2026-03-19T13:04:18","slug":"pokemon-collector-chest-2025","status":"publish","type":"product","link":"https:\/\/www.magicbazaar.co.za\/?product=pokemon-collector-chest-2025","title":{"rendered":"Pok\u00e9mon: Collector Chest (2025)"},"content":{"rendered":"<ul class=\"a-unordered-list a-vertical a-spacing-mini\">\n<li class=\"a-spacing-mini\"><span class=\"a-list-item\">The Pok\u00e9mon Trading Card Game: Collector Chest includes 6 Pok\u00e9mon TCG booster packs and 3 foil cards featuring Ralts, Kirlia, and Riolu.<\/span><\/li>\n<li class=\"a-spacing-mini\"><span class=\"a-list-item\">This also comes with 1 Pok\u00e9mon coin featuring Mega Lucario and 4 colorful sticker sheets.<\/span><\/li>\n<li class=\"a-spacing-mini\"><span class=\"a-list-item\">You will also get a mini portfolio to store your favorite cards.<\/span><\/li>\n<\/ul>\n","protected":false},"excerpt":{"rendered":"<p>The Pok\u00e9mon Trading Card Game: Collector Chest includes 6 Pok\u00e9mon TCG booster packs and 3 foil cards featuring Ralts, Kirlia, and Riolu. This also comes with 1 Pok\u00e9mon coin featuring Mega Lucario and 4 colorful sticker sheets. You will also get a mini portfolio to store your favorite cards.<\/p>\n","protected":false},"featured_media":55339,"template":"","meta":[],"product_cat":[15],"product_tag":[],"class_list":{"0":"post-55338","1":"product","2":"type-product","3":"status-publish","4":"has-post-thumbnail","6":"product_cat-uncategorized","7":"description-off","9":"first","10":"instock","11":"shipping-taxable","12":"purchasable","13":"product-type-simple"},"_links":{"self":[{"href":"https:\/\/www.magicbazaar.co.za\/index.php?rest_route=\/wp\/v2\/product\/55338","targetHints":{"allow":["GET"]}}],"collection":[{"href":"https:\/\/www.magicbazaar.co.za\/index.php?rest_route=\/wp\/v2\/product"}],"about":[{"href":"https:\/\/www.magicbazaar.co.za\/index.php?rest_route=\/wp\/v2\/types\/product"}],"version-history":[{"count":1,"href":"https:\/\/www.magicbazaar.co.za\/index.php?rest_route=\/wp\/v2\/product\/55338\/revisions"}],"predecessor-version":[{"id":55340,"href":"https:\/\/www.magicbazaar.co.za\/index.php?rest_route=\/wp\/v2\/product\/55338\/revisions\/55340"}],"wp:featuredmedia":[{"embeddable":true,"href":"https:\/\/www.magicbazaar.co.za\/index.php?rest_route=\/wp\/v2\/media\/55339"}],"wp:attachment":[{"href":"https:\/\/www.magicbazaar.co.za\/index.php?rest_route=%2Fwp%2Fv2%2Fmedia&parent=55338"}],"wp:term":[{"taxonomy":"product_cat","embeddable":true,"href":"https:\/\/www.magicbazaar.co.za\/index.php?rest_route=%2Fwp%2Fv2%2Fproduct_cat&post=55338"},{"taxonomy":"product_tag","embeddable":true,"href":"https:\/\/www.magicbazaar.co.za\/index.php?rest_route=%2Fwp%2Fv2%2Fproduct_tag&post=55338"}],"curies":[{"name":"wp","href":"https:\/\/api.w.org\/{rel}","templated":true}]}}